 (-259)/49 - 2/(-7). Calculate the remainder when j(8) is divided by ((-2 - 0 - 1) + f)/(-1).
7
Let b(w) be the third derivative of 43*w**4/24 - 7*w**3/3 - 11*w**2 - 2. What is the remainder when 41 is divided by b(1)?
12
Suppose n - 6 = f + 4*n, 5*f - n - 2 = 0. Calculate the remainder when 3 - f - (-5 + 36*-23) is divided by 31.
30
Let v = 6462 + -5955. What is the remainder when v is divided by 495?
12
Let r be (-4)/26 + (-3 - (-736)/52). Let m(y) = 51*y - 32*y + 0*y**2 + r - y**3 + 8*y**2. What is the remainder when m(9) is divided by 13?
10
Suppose 6*f - 19494 + 16296 = 0. Calculate the remainder when 533 is divided by f.
0
Calculate the remainder when 293 is divided by ((-25)/30 + 272/24)*6.
41
Let n(k) = -7*k + 29. Let q be n(3). Suppose q*l + 166 = 710. Calculate the remainder when l is divided by 37.
31
Let y = -696 + 502. Let o = y - -216. What is the remainder when (-1 - -2) + -2 + 86 is divided by o?
19
Let b = -200 - -116. Let i be -2 + (-648)/14 + (-24)/b. Let n = 111 + i. Calculate the remainder when n is divided by 33.
30
Let o = -71 + 77. Let d = 22 + -19. Calculate the remainder when (99/d)/((-9)/(-6)) is divided by o.
4
Let g(d) = 9*d**3 - d**2 - 2*d + 2. Let v = -480 - -805. Calculate the remainder when v is divided by g(1).
5
Suppose 3*v - 2*v + 37 = 5*c, -2*c - 23 = v. Let x = -21 - v. Suppose -423 = -x*u - 3*u. What is the remainder when u is divided by 16?
15
Let q = -8 + 20. What is the remainder when 77 - (31 - (3 - -58)) is divided by q?
11
Suppose -3*i = -4*z - z - 57, -2*z = -z. What is the remainder when 55 is divided by i?
17
Suppose -7*z + 10*z - 4*g = 1201, -z + 432 = 5*g. Suppose 587*a - 591*a + 272 = 0. What is the remainder when z is divided by a?
67
Suppose 3*v - 6*v + 96 = 0. Suppose 3930*f - 3923*f = 84. Calculate the remainder when v is divided by f.
8
Let h(p) = -p**2 - 29*p - 167. Let f = -8 + 7. Calculate the remainder when (f - -3)/(-2) + 68 is divided by h(-10).
21
Suppose 5900 = 20*m - 7713 - 627. What is the remainder when m is divided by 13?
10
Let v(f) = -f**2 - 20*f + 67. Let a be v(-22). Suppose 21*o - a*o = -226. Calculate the remainder when o is divided by 34.
11
Suppose -16*o - 192 = -24*o. Let p = -61 + 125. What is the remainder when p is divided by o?
16
Let k be (-1)/3 - 2/((-12)/2). What is the remainder when 167 is divided by 40 + 1 + 2 + k?
38
Suppose -3 = 2*z - 1, -f - 325 = 2*z. Let c = f - -342. What is the remainder when 29 is divided by c?
10
Suppose -507 = -y + 4*b - 5, -4*y + 2022 = -2*b. What is the remainder when y is divided by 57?
50
Let r(k) = 20*k**2 + 26*k - 114 + 32*k - 21*k**2. Calculate the remainder when r(45) is divided by 118.
117
Let h = 10269 - 10187. What is the remainder when 614 is divided by h?
40
Let o(g) be the second derivative of -g**4/3 - 41*g**3/6 - 21*g**2/2 - 102*g. Calculate the remainder when o(-9) is divided by 9.
6
Let q = 34934 + -34922. What is the remainder when 4458 is divided by q?
6
Suppose 738*h - 739*h + 3*c = -1659, 3*h - 5009 = c. Calculate the remainder when h is divided by 73.
65
Let z(p) = 6*p**2 - 74*p - 133. What is the remainder when 191 is divided by z(14)?
2
Suppose 216 - 32 = -l. Let n = l + 220. What is the remainder when n is divided by 19?
17
What is the remainder when (-1454706)/(-165) + (-12)/(-20) is divided by 42?
39
Suppose -7 = -2*i - 5*c, -2*i = -5*c - 0*c + 3. Suppose 33*x - 113 - 11 = 2*x. Calculate the remainder when x is divided by i.
0
Suppose 4*n - 12 = 4. Suppose n*o + 2*j - 140 = 2*o, -3*j - 308 = -4*o. Calculate the remainder when o is divided by 8.
2
Suppose s = 4*r - 209, -23 = -r - 90*s + 87*s. Suppose -u - x + 552 = 0, -x - 4*x + 20 = 0. What is the remainder when u is divided by r?
48
Suppose -d + 8807 = 8135. What is the remainder when 2017 is divided by d?
1
Let l(x) = -44*x**2 + 20 + 17*x + 24*x**2 + 21*x**2. Let j be l(-16). What is the remainder when 35 is divided by ((-390)/40)/((-3)/j)?
9
Let d = -25836 - -26570. What is the remainder when d is divided by 85?
54
Suppose -2*b = n - 3 - 3, 24 = 4*n + 3*b. Let g = 377 + -272. Calculate the remainder when 1353/121 - (-3 - g/(-33)) is divided by n.
5
Let g = -7371 + 8825. What is the remainder when g is divided by 300?
254
Let v = -145 - 36. Let b = v - -182. What is the remainder when 1 is divided by b?
0
Suppose -3*q - 4*h - 1447 = -6*h, 2*q + 4*h + 954 = 0. Let u = q - -491. Calculate the remainder when 38 is divided by u.
8
Suppose 0 = 27*v - 26*v - 2*d - 1060, -5*d - 4252 = -4*v. What is the remainder when v is divided by 28?
4
Suppose -z - 1720 = -2*x + 7*x, 688 = -2*x - z. Let n = 364 + x. Calculate the remainder when n is divided by 7.
6
Suppose a - 40 = -3*a. Let d(k) = -10*k**3 + 4*k**2 - 4*k - 7. Let x be d(-3). Suppose 8*m - x = 305. Calculate the remainder when m is divided by a.
7
Let s = 519 - 519. Suppose 165*o - 171*o + 858 = s. Calculate the remainder when o is divided by 39.
26
Suppose -9305 + 3137 = -6*y. Suppose -h + 248 = -0*v + v, 5*h = 4*v - y. What is the remainder when v is divided by 15?
12
Suppose 0 = -3*k - 3*m + 1503, 4*k - 43*m - 1956 = -39*m. What is the remainder when 2504 is divided by k?
29
Suppose 2*s + a = 17, -3*s = a - 20 - 3. Let g(r) = 54*r - 304. Calculate the remainder when 79 is divided by g(s).
19
Let n be (-200)/(-11) + 4/(-22). Let d(b) = -n*b + 46*b + 7*b + 4. Calculate the remainder when d(1) is divided by 21.
18
Suppose -129808 = 97*l - 524*l. What is the remainder when l is divided by 151?
2
Let l be -2 - -10 - 4 - 1. Suppose -l*m + 63 = 4*c, 5*m = 5*c + 2*m - 45. Suppose -c*q + 176 = -8*q. Calculate the remainder when q is divided by 16.
12
Let x be (-2 + (-5)/(-3))/(7/3129). Let s = x + 163. Calculate the remainder when (13/2)/(9/72) is divided by s.
10
Let a = 2328 + -2322. Calculate the remainder when 248 is divided by a.
2
Let p(o) = -13*o + 103. Let k be p(8). Let c(v) = -v**3 + 6*v**2 + 2*v + 4. Calculate the remainder when 192 - (-1 + k/1) is divided by c(5).
38
Suppose 3*g = z + 358, 4*g - 232 = 5*z + 238. What is the remainder when 144 is divided by g?
24
Suppose -z - 3 + 5 = 0. Let m(k) = 2*k**3 - 2*k - 1. What is the remainder when ((-12)/(-14))/((-408)/(-9996)) is divided by m(z)?
10
Suppose 2*v + 796 = 2*d, -3*v + 7*v + 2*d = -1610. Let p = v - -421. What is the remainder when 70 is divided by p?
10
Suppose 0 = -0*b - 2*b - 2*a + 986, 0 = -b + 2*a + 487. Calculate the remainder when b is divided by 26.
23
Suppose -5293 = -4*x - 2*r + 4757, -2*r = 10. Calculate the remainder when x is divided by 17.
16
Let b = -600 + 373. Let t = -193 - b. Calculate the remainder when t is divided by (-1)/(-2) + 74/4.
15
Suppose 5*x - 5*y - 90 = -0*x, -2*x = -3*y - 35. Let k = -15 + x. Suppose 3*n = 5*f + 64, 4 = k*n + 5*f - 58. What is the remainder when 71 is divided by n?
17
What is the remainder when 186 is divided by 15264/1296 - 4/(-18)?
6
Let j(k) be the third derivative of k**4 - 9*k**3/2 + 135*k**2. Calculate the remainder when j(3) is divided by 3.
0
Suppose -8*c + 80 = -5*q, -4*c + 36 = 54*q - 57*q. What is the remainder when 334 is divided by c?
4
What is the remainder when (((-16)/(-12))/((-4)/222))/((-339)/1356) is divided by 101?
94
Let j(z) = -34*z. Suppose -5*b - 2*t + 1017 = 0, -603 = -5*b - 4*t + 426. Calculate the remainder when b is divided by j(-1).
31
Let d = -30 - -23. Let p(k) = -31*k + 33. Let a be p(d). Suppose -4*q - a = -14*q. What is the remainder when q is divided by 7?
4
Let f(r) = -2*r**2 + 37*r + 85. Calculate the remainder when 264 is divided by f(20).
14
Let g(w) = -w**3 + 9*w**2 + 13*w + 12. Let m = -6 - -16. Let n(f) = 2*f**2 + 16*f + 32. Calculate the remainder when g(m) is divided by n(-6).
2
Let y be 196 - (-5 + (-6)/3). Suppose 17*o = 596 + y. Calculate the remainder when o is divided by 6.
5
Suppose -3*p + 11*p - 464 = -4*n, -2*n = 3*p - 238. Calculate the remainder when 133 is divided by n.
5
Let m(d) = 96*d**2 - d - 1. Let q be m(-1). Suppose -4*l + q = -40. Let x = 39 - l. Calculate the remainder when x is divided by 5.
0
Suppose -5*j - 8 = z - 1, -4*z + 40 = 3*j. Let v = 5 + z. What is the remainder when 40 is divided by v?
4
Suppose 4*a = 4*h - 272, 3*h - 131 = a + 71. Suppose -3*r + v + 393 = 0, 38*r - 5*v + 675 = 43*r. What is the remainder when r is d